YEARLY CLIMATOLOGICAL SUMMARY for Dec 2016

NAME: Estensemeteo   CITY: Ferrara STATE: Italy
ELEV: 11 LAT: 044:48:49 LONG: -011:41:15

                            TEMPERATURE ( C), RAIN (mm), WIND SPEED (kmh)

                                                 HEAT     COOL           AVG
      MEAN                                       DEG      DEG            WIND                        DOM
MTH   TEMP    HIGH   TIME      LOW     TIME      DAYS     DAYS   RAIN    SPEED    HIGH    TIME       DIR
--------------------------------------------------------------------------------------------------------
01    04.1    18.2   14:21   -03.5   07:27    0440.8    0000.0    35.2    03.9     51.8    23:53     WNW
02    07.6    16.0   15:02    00.4   07:23    0309.6    0000.0    197.1   06.0     55.5    23:51      NW
03    10.0    21.7   15:03    01.3   07:22    0259.8    0000.0    69.4    06.8     59.2    23:51     NNE
04    14.6    26.0   17:12    03.7   05:10    0111.5    0000.1    17.6    05.3     44.4    23:55     ENE
05    17.5    28.6   15:15    08.9   06:37    0040.1    0018.5    140.1   05.0     61.0    23:53      E 
06    22.1    35.8   16:37    12.3   05:45    0000.3    0114.5    104.6   04.5     37.0    23:51      E 
07    25.8    35.4   17:44    14.7   05:54    0000.0    0238.4    10.7    04.4     55.5    23:54     ESE
08    23.9    33.6   16:19    14.0   03:44    0000.0    0174.3    43.0    04.2     42.5    23:52      E 
09    21.4    33.1   15:28    10.6   07:03    0002.4    0096.7    93.2    03.8     44.4    23:57      E 
10    13.7    26.2   15:16    06.1   07:45    0144.2    0002.0    88.9    03.3     44.4    23:57      E 
11    09.4    17.4   14:47   -00.7   07:42    0268.8    0000.0    90.2    03.2     35.1    23:56      E 
12    03.5    12.2   15:25   -03.2   22:13    0458.4    0000.0    09.4    03.0     29.6    23:57      E 
--------------------------------------------------------------------------------------------------------
      14.4    35.8            -3.5            2036.0     644.4   899.4     4.5     61.1               E 

Max >=  32.0: 59
Max <=   0.0: 1
Min <=   0.0: 26
Min <= -18.0: 0
Max >=  32.0: 59
Max <=   0.0: 1
Min <=   0.0: 26
Min <= -18.0: 0
Max <=  -5.0: 0
Min <=  -5.0: 0
Max <= -10.0: 0
Min <= -10.0: 0
Max <= -15.0: 0
Min <= -15.0: 0
Max <= -20.0: 0
Min <= -20.0: 0
Max <= -25.0: 0
Min <= -25.0: 0
Max Rain: 0.0 ON 31-01-17
Days of Rain: 120 (> .2mm) 60 (> 2mm) 16 (> 20mm)
Max Rain: 2.8 ON 20-12-17