YEARLY CLIMATOLOGICAL SUMMARY for Sep 2019

NAME: Estensemeteo   CITY: Ferrara STATE: Italy
ELEV: 11 LAT: 044:48:49 LONG: -011:41:15

                            TEMPERATURE ( C), RAIN (mm), WIND SPEED (kmh)

                                                 HEAT     COOL           AVG
      MEAN                                       DEG      DEG            WIND                        DOM
MTH   TEMP    HIGH   TIME      LOW     TIME      DAYS     DAYS   RAIN    SPEED    HIGH    TIME       DIR
--------------------------------------------------------------------------------------------------------
01    02.6    13.8   15:06   -05.3   06:19    0472.6    0000.0    46.2    04.0     31.4    00:53      NW
02    06.9    21.9   15:08   -01.3   07:34    0311.2    0000.0    21.1    04.6     44.4    14:12      NW
03    10.8    24.3   16:05   -00.8   07:05    0226.0    0000.0    19.3    05.5     77.7    14:57      NW
04    13.8    24.7   15:07    05.7   06:19    0135.4    0000.0    66.0    05.8     51.8    23:56      N 
05    15.5    27.7   15:10    05.2   06:22    0094.5    0005.7    183.4    05.7     66.6    14:12     NNE
06    25.9    38.7   18:25    14.5   06:22    0000.0    0226.3    11.9    05.2     37.0    23:56      NE
07    26.1    38.3   18:53    15.8   05:59    0000.0    0232.5    49.8    04.7     83.3    17:04      E 
08    25.7    35.9   15:47    16.3   05:55    0000.0    0221.3    19.8    04.6     74.0    18:58      E 
09    20.5    32.8   16:55    10.3   06:23    0010.1    0076.8    53.8    04.2     40.7    23:54     ENE
--------------------------------------------------------------------------------------------------------
      16.5    38.7            -5.3            1249.8     762.6   525.1     4.9     83.3              ENE

Max >=  32.0: 78
Max <=   0.0: 0
Min <=   0.0: 24
Min <= -18.0: 1
Max >=  32.0: 78
Max <=   0.0: 0
Min <=   0.0: 24
Min <= -18.0: 1
Max <=  -5.0: 0
Min <=  -5.0: 1
Max <= -10.0: 0
Min <= -10.0: 0
Max <= -15.0: 0
Min <= -15.0: 0
Max <= -20.0: 0
Min <= -20.0: 0
Max <= -25.0: 0
Min <= -25.0: 0
Max Rain: 0.0 ON 30-01-19
Days of Rain: 79 (> .2mm) 45 (> 2mm) 5 (> 20mm)
Max >=  30: 5