YEARLY CLIMATOLOGICAL SUMMARY for Dec 2019

NAME: Estensemeteo   CITY: Ferrara STATE: Italy
ELEV: 11 LAT: 044:48:49 LONG: -011:41:15

                            TEMPERATURE ( C), RAIN (mm), WIND SPEED (kmh)

                                                 HEAT     COOL           AVG
      MEAN                                       DEG      DEG            WIND                        DOM
MTH   TEMP    HIGH   TIME      LOW     TIME      DAYS     DAYS   RAIN    SPEED    HIGH    TIME       DIR
--------------------------------------------------------------------------------------------------------
01    02.6    13.8   15:06   -05.3   06:19    0472.6    0000.0    46.2    04.0     31.4    00:53      NW
02    06.9    21.9   15:08   -01.3   07:34    0319.2    0000.0    21.1    04.6     44.4    23:57      NW
03    10.8    24.3   16:05   -00.8   07:05    0231.1    0000.0    19.3    05.5     77.7    23:57      NW
04    13.8    24.7   15:07    05.7   06:19    0135.0    0000.0    66.0    05.8     51.8    23:56      N 
05    15.5    27.7   15:10    05.2   06:22    0094.5    0007.3    183.4    05.7     66.6    23:57     NNE
06    25.9    38.7   18:25    14.5   06:22    0000.0    0227.5    11.9    05.2     37.0    23:56      NE
07    26.1    38.3   18:53    15.8   05:59    0000.0    0241.4    49.8    04.7     83.3    23:57      E 
08    25.7    35.9   15:47    16.3   05:55    0000.0    0229.9    19.8    04.6     74.0    23:51      E 
09    20.5    32.8   16:55    10.3   06:23    0010.1    0076.6    53.8    04.2     40.7    23:54     ENE
10    16.6    27.3   15:25    08.4   06:49    0052.4    0009.1    51.1    03.7     55.5    02:43     ENE
11    10.7    19.1   14:52    03.6   03:31    0227.3    0000.0    190.0    05.3     44.4    23:57     ENE
12    06.0    15.3   00:05   -02.2   09:10    0381.4    0000.0    80.8    04.6     50.0    23:54      NE
--------------------------------------------------------------------------------------------------------
      15.1    38.7            -5.3            1923.6     791.7   793.2     4.8     83.3               NE

Max >=  32.0: 80
Max <=   0.0: 0
Min <=   0.0: 30
Min <= -18.0: 1
Max >=  32.0: 80
Max <=   0.0: 0
Min <=   0.0: 30
Min <= -18.0: 1
Max <=  -5.0: 0
Min <=  -5.0: 1
Max <= -10.0: 0
Min <= -10.0: 0
Max <= -15.0: 0
Min <= -15.0: 0
Max <= -20.0: 0
Min <= -20.0: 0
Max <= -25.0: 0
Min <= -25.0: 0
Max Rain: 0.3 ON 31-01-20
Days of Rain: 120 (> .2mm) 70 (> 2mm) 9 (> 20mm)
Days of Rain: 12 (> .2mm) 5 (> 2mm) 1 (> 20mm)