YEARLY CLIMATOLOGICAL SUMMARY for Dec 2020

NAME: Estensemeteo   CITY: Ferrara STATE: Italy
ELEV: 11 LAT: 044:48:49 LONG: -011:41:15

                            TEMPERATURE ( C), RAIN (mm), WIND SPEED (kmh)

                                                 HEAT     COOL           AVG
      MEAN                                       DEG      DEG            WIND                        DOM
MTH   TEMP    HIGH   TIME      LOW     TIME      DAYS     DAYS   RAIN    SPEED    HIGH    TIME       DIR
--------------------------------------------------------------------------------------------------------
01    04.4    13.1   15:55   -03.7   06:15    0431.0    0000.0    31.2    03.3     38.9    23:57     WNW
02    08.2    19.9   14:28   -00.9   06:25    0293.2    0000.0    03.0    04.8     50.0    23:57     WNW
03    09.7    21.9   16:07    00.6   05:20    0266.8    0000.0    26.4    07.2     53.6    23:53     NNW
04    14.7    26.6   17:23    00.4   06:40    0109.2    0000.1    19.3    05.2     57.4    23:57      N 
05    19.1    31.4   16:40    09.1   05:43    0010.4    0035.9    20.8    06.1     48.1    23:52     ENE
06    22.4    34.6   16:52    12.9   05:59    0001.1    0123.1    49.8    05.3     50.0    23:54      E 
07    24.8    35.9   17:01    15.3   05:56    0000.0    0208.0    144.8    04.7     79.5    23:55      E 
08    25.5    36.9   17:43    15.3   22:07    0000.0    0223.4    45.7    04.5     50.0    23:51      E 
09    21.2    31.7   15:49    08.2   05:31    0016.7    0104.8    18.5    04.2     50.0    23:57      E 
10    14.2    23.2   16:25    05.8   05:32    0123.6    0001.4    59.9    04.3     50.0    14:43      E 
11    09.5    18.4   15:01   -01.3   06:05    0265.5    0000.0    12.4    03.1     48.1    23:57      E 
12    06.1    13.0   02:07   -01.0   06:42    0394.7    0000.0    68.3    05.2     51.8    23:56     ENE
--------------------------------------------------------------------------------------------------------
      15.0    36.9            -3.7            1912.3     696.7   500.1     4.8     79.6              ENE

Max >=  32.0: 62
Max <=   0.0: 0
Min <=   0.0: 27
Min <= -18.0: 0
Max >=  32.0: 62
Max <=   0.0: 0
Min <=   0.0: 27
Min <= -18.0: 0
Max <=  -5.0: 0
Min <=  -5.0: 0
Max <= -10.0: 0
Min <= -10.0: 0
Max <= -15.0: 0
Min <= -15.0: 0
Max <= -20.0: 0
Min <= -20.0: 0
Max <= -25.0: 0
Min <= -25.0: 0
Max Rain: 0.5 ON 31-01-21
Days of Rain: 111 (> .2mm) 48 (> 2mm) 6 (> 20mm)
Days of Rain: 19 (> .2mm) 8 (> 2mm) 0 (> 20mm)