YEARLY CLIMATOLOGICAL SUMMARY for Dec 2021 NAME: Estensemeteo CITY: Ferrara STATE: Italy ELEV: 11 LAT: 044:48:49 LONG: -011:41:15 TEMPERATURE ( °C), RAIN (mm), WIND SPEED (kmh) HEAT COOL AVG MEAN DEG DEG WIND DOM MTH TEMP HIGH TIME LOW TIME DAYS DAYS RAIN SPEED HIGH TIME DIR -------------------------------------------------------------------------------------------------------- 01 03.3 12.2 21:08 -05.3 06:17 0465.0 0000.0 30.5 04.4 42.5 00:01 NNW 02 07.6 21.2 16:06 -03.7 08:05 0298.4 0000.0 05.6 04.3 55.5 23:57 N 03 09.3 26.0 16:37 -00.9 06:15 0278.6 0000.0 02.4 04.4 44.4 23:57 NNE 04 11.9 26.4 18:07 -00.2 06:16 0193.3 0000.1 43.2 05.6 55.5 23:51 ENE 05 17.1 26.4 16:49 08.2 05:59 0042.5 0006.0 44.2 06.0 40.7 23:53 E 06 24.5 35.3 16:14 10.9 05:50 0000.0 0187.3 17.4 05.3 42.5 23:57 ESE 07 25.6 36.3 15:11 16.7 04:37 0000.0 0226.4 38.2 05.7 51.8 23:54 ESE 08 24.6 38.3 16:32 13.5 07:00 0000.0 0195.3 16.8 05.1 42.5 23:57 ESE 09 21.1 32.3 16:22 12.7 06:59 0000.8 0084.4 71.0 04.0 44.4 23:55 E 10 14.2 27.2 16:02 04.1 06:58 0132.5 0006.0 08.2 04.7 57.4 23:53 E 11 09.9 17.7 15:11 00.0 07:18 0252.5 0000.0 41.4 05.5 42.5 23:56 E 12 04.0 10.2 15:10 -03.2 07:57 0442.6 0000.0 39.4 04.2 31.4 23:57 ENE -------------------------------------------------------------------------------------------------------- 14.5 38.3 -5.3 2106.2 705.4 358.3 4.9 57.4 ENE Max >= 32.0: 71 Max <= 0.0: 0 Min <= 0.0: 37 Min <= -18.0: 1 Max >= 32.0: 71 Max <= 0.0: 0 Min <= 0.0: 37 Min <= -18.0: 1 Max <= -5.0: 0 Min <= -5.0: 1 Max <= -10.0: 0 Min <= -10.0: 0 Max <= -15.0: 0 Min <= -15.0: 0 Max <= -20.0: 0 Min <= -20.0: 0 Max <= -25.0: 0 Min <= -25.0: 0 Max Rain: 0.0 ON 31-01-22 Days of Rain: 90 (> .2mm) 40 (> 2mm) 2 (> 20mm) Days of Rain: 14 (> .2mm) 5 (> 2mm) 0 (> 20mm)