YEARLY CLIMATOLOGICAL SUMMARY for Dec 2022 NAME: Estensemeteo CITY: Ferrara STATE: Italy ELEV: 11 LAT: 044:48:49 LONG: -011:41:15 TEMPERATURE ( °C), RAIN (mm), WIND SPEED (kmh) HEAT COOL AVG MEAN DEG DEG WIND DOM MTH TEMP HIGH TIME LOW TIME DAYS DAYS RAIN SPEED HIGH TIME DIR -------------------------------------------------------------------------------------------------------- 01 03.3 15.9 12:51 -03.3 06:49 0464.8 0000.0 30.8 04.3 53.6 23:55 WNW 02 06.8 16.9 16:33 -01.4 06:25 0322.3 0000.0 08.2 04.8 57.4 23:53 NW 03 08.6 22.5 16:37 -01.6 06:32 0301.9 0000.0 34.4 05.1 44.4 23:57 NNW 04 12.6 23.3 14:39 03.2 07:29 0170.2 0000.0 56.4 06.8 74.0 23:57 NNE 05 20.3 31.8 16:13 10.2 06:38 0021.2 0080.1 72.6 05.2 42.5 23:57 ENE 06 25.3 36.2 17:12 15.6 06:07 0000.0 0203.4 11.6 05.5 44.4 23:56 E 07 27.2 38.7 18:12 17.2 04:41 0000.0 0267.4 32.0 05.8 62.9 23:55 E 08 25.7 37.6 16:32 16.7 10:10 0000.0 0226.9 84.4 05.4 94.3 23:52 E 09 20.3 32.7 16:24 08.4 07:24 0021.9 0081.0 27.6 04.6 55.5 23:57 E 10 18.2 26.3 14:49 11.6 07:13 0012.7 0009.9 00.2 03.2 31.4 23:57 E 11 10.6 20.5 14:58 02.7 03:57 0230.3 0000.0 90.6 04.2 64.8 23:51 E 12 06.4 12.9 15:11 -01.0 07:47 0368.1 0000.0 50.4 03.9 37.0 23:57 ENE -------------------------------------------------------------------------------------------------------- 15.4 38.7 -3.3 1913.4 868.7 499.2 4.9 94.4 ENE Max >= 32.0: 84 Max <= 0.0: 0 Min <= 0.0: 36 Min <= -18.0: 0 Max >= 32.0: 84 Max <= 0.0: 0 Min <= 0.0: 36 Min <= -18.0: 0 Max <= -5.0: 0 Min <= -5.0: 0 Max <= -10.0: 0 Min <= -10.0: 0 Max <= -15.0: 0 Min <= -15.0: 0 Max <= -20.0: 0 Min <= -20.0: 0 Max <= -25.0: 0 Min <= -25.0: 0 Max Rain: 0.0 ON 31-01-23 Days of Rain: 92 (> .2mm) 41 (> 2mm) 8 (> 20mm)