YEARLY CLIMATOLOGICAL SUMMARY for Dec 2023 NAME: Estensemeteo CITY: Ferrara STATE: Italy ELEV: 11 LAT: 044:48:49 LONG: -011:41:15 TEMPERATURE ( °C), RAIN (mm), WIND SPEED (kmh) HEAT COOL AVG MEAN DEG DEG WIND DOM MTH TEMP HIGH TIME LOW TIME DAYS DAYS RAIN SPEED HIGH TIME DIR -------------------------------------------------------------------------------------------------------- 01 06.4 12.5 15:01 -01.4 07:00 0370.5 0000.0 42.2 04.9 50.0 23:56 NNW 02 05.9 16.9 15:39 -03.8 04:41 0345.8 0000.0 05.8 05.1 64.8 23:57 N 03 11.2 22.7 15:24 01.9 06:23 0221.5 0000.0 27.8 05.1 44.4 23:55 NNW 04 12.8 24.8 15:28 01.8 07:50 0163.9 0000.0 22.8 05.2 44.4 23:57 NNE 05 18.0 30.4 18:07 09.7 06:45 0052.9 0042.2 268.6 05.9 53.6 23:57 NNE 06 23.6 36.5 16:15 15.4 05:42 0000.0 0158.9 55.6 04.8 38.9 23:52 NNE 07 26.2 37.9 18:57 15.7 06:15 0000.0 0244.3 26.4 05.1 68.5 23:56 NE 08 25.6 38.9 17:43 13.9 06:50 0000.0 0226.4 57.2 04.7 42.5 23:56 NE 09 22.5 32.8 16:13 14.2 07:10 0000.0 0127.4 57.8 04.3 40.7 23:52 NE 10 18.1 30.6 16:18 09.8 19:24 0040.0 0035.6 87.2 04.2 62.9 11:18 NE 11 09.4 20.1 15:39 -01.2 07:24 0264.2 0000.0 54.8 04.6 62.9 23:55 NE 12 06.3 18.3 15:03 -01.6 01:29 0386.8 0000.0 27.4 04.2 55.5 23:56 NNE -------------------------------------------------------------------------------------------------------- 15.6 38.9 -3.8 1845.5 834.9 733.6 4.8 68.5 NNE Max >= 32.0: 73 Max <= 0.0: 0 Min <= 0.0: 19 Min <= -18.0: 0 Max >= 32.0: 73 Max <= 0.0: 0 Min <= 0.0: 19 Min <= -18.0: 0 Max <= -5.0: 0 Min <= -5.0: 0 Max <= -10.0: 0 Min <= -10.0: 0 Max <= -15.0: 0 Min <= -15.0: 0 Max <= -20.0: 0 Min <= -20.0: 0 Max <= -25.0: 0 Min <= -25.0: 0 Max Rain: 0.0 ON 31-01-24 Days of Rain: 91 (> .2mm) 61 (> 2mm) 11 (> 20mm) Days of Rain: 8 (> .2mm) 3 (> 2mm) 0 (> 20mm)